{"id":6064,"date":"2025-05-09T01:54:55","date_gmt":"2025-05-09T01:54:55","guid":{"rendered":"https:\/\/www.adriansellevoll.no\/?page_id=6064"},"modified":"2025-06-10T21:31:44","modified_gmt":"2025-06-10T21:31:44","slug":"informasjonskapsler","status":"publish","type":"page","link":"https:\/\/www.adriansellevoll.no\/index.php\/informasjonskapsler\/","title":{"rendered":"Informasjonskapsler"},"content":{"rendered":"[vc_row type=&#8221;in_container&#8221; full_screen_row_position=&#8221;middle&#8221; column_margin=&#8221;default&#8221; column_direction=&#8221;default&#8221; column_direction_tablet=&#8221;default&#8221; column_direction_phone=&#8221;default&#8221; scene_position=&#8221;center&#8221; text_color=&#8221;dark&#8221; text_align=&#8221;left&#8221; row_border_radius=&#8221;none&#8221; row_border_radius_applies=&#8221;bg&#8221; overflow=&#8221;visible&#8221; overlay_strength=&#8221;0.3&#8243; gradient_direction=&#8221;left_to_right&#8221; shape_divider_position=&#8221;bottom&#8221; bg_image_animation=&#8221;none&#8221; gradient_type=&#8221;default&#8221; shape_type=&#8221;&#8221;][vc_column column_padding=&#8221;no-extra-padding&#8221; column_padding_tablet=&#8221;inherit&#8221; column_padding_phone=&#8221;inherit&#8221; column_padding_position=&#8221;all&#8221; column_element_direction_desktop=&#8221;default&#8221; column_element_spacing=&#8221;default&#8221; desktop_text_alignment=&#8221;default&#8221; tablet_text_alignment=&#8221;default&#8221; phone_text_alignment=&#8221;default&#8221; background_color_opacity=&#8221;1&#8243; background_hover_color_opacity=&#8221;1&#8243; column_backdrop_filter=&#8221;none&#8221; column_shadow=&#8221;none&#8221; column_border_radius=&#8221;none&#8221; column_link_target=&#8221;_self&#8221; column_position=&#8221;default&#8221; gradient_direction=&#8221;left_to_right&#8221; overlay_strength=&#8221;0.3&#8243; width=&#8221;1\/1&#8243; tablet_width_inherit=&#8221;default&#8221; animation_type=&#8221;default&#8221; bg_image_animation=&#8221;none&#8221; border_type=&#8221;simple&#8221; column_border_width=&#8221;none&#8221; column_border_style=&#8221;solid&#8221;][vc_column_text css=&#8221;&#8221; text_direction=&#8221;default&#8221;]\n<h1>Informasjonskapsler<\/h1>\n[\/vc_column_text][vc_column_text css=&#8221;&#8221; text_direction=&#8221;default&#8221;]\n<h3 data-start=\"197\" data-end=\"216\">Hva er cookies?<\/h3>\n<p data-start=\"218\" data-end=\"468\">Informasjonskapsler, ogs\u00e5 kalt <em data-start=\"249\" data-end=\"258\">cookies<\/em>, er sm\u00e5 tekstfiler som lagres p\u00e5 din enhet (PC, mobil eller nettbrett) n\u00e5r du bes\u00f8ker et nettsted. Disse filene brukes for \u00e5 gjenkjenne deg som bruker og for \u00e5 gi deg en bedre og mer relevant brukeropplevelse.<\/p>\n<hr data-start=\"470\" data-end=\"473\" \/>\n<h3 data-start=\"475\" data-end=\"504\">Hvilke cookies bruker vi?<\/h3>\n<p data-start=\"506\" data-end=\"561\">P\u00e5 adriansellevoll.no bruker vi f\u00f8lgende typer cookies:<\/p>\n<h4 data-start=\"563\" data-end=\"593\">1. <strong data-start=\"571\" data-end=\"593\">N\u00f8dvendige cookies<\/strong><\/h4>\n<p data-start=\"594\" data-end=\"734\">Disse er n\u00f8dvendige for at nettsiden skal fungere korrekt. De s\u00f8rger for grunnleggende funksjonalitet som navigasjon, skjemaer og sikkerhet.<\/p>\n<h4 data-start=\"736\" data-end=\"780\">2. <strong data-start=\"744\" data-end=\"780\">Statistikk og analyse (valgfrie)<\/strong><\/h4>\n<p data-start=\"781\" data-end=\"954\">Vi bruker verkt\u00f8y som f.eks. Google Analytics for \u00e5 samle anonym informasjon om hvordan bes\u00f8kende bruker nettsiden. Dette hjelper oss \u00e5 forbedre innhold og brukeropplevelse.<\/p>\n<blockquote data-start=\"956\" data-end=\"1098\">\n<p data-start=\"958\" data-end=\"999\"><em data-start=\"958\" data-end=\"999\">Eksempel p\u00e5 informasjon som samles inn:<\/em><\/p>\n<ul data-start=\"1002\" data-end=\"1098\">\n<li data-start=\"1002\" data-end=\"1027\">\n<p data-start=\"1004\" data-end=\"1027\">Hvilke sider du bes\u00f8ker<\/p>\n<\/li>\n<li data-start=\"1030\" data-end=\"1057\">\n<p data-start=\"1032\" data-end=\"1057\">Hvor lenge du er p\u00e5 siden<\/p>\n<\/li>\n<li data-start=\"1060\" data-end=\"1098\">\n<p data-start=\"1062\" data-end=\"1098\">Hvilken enhet og nettleser du bruker<\/p>\n<\/li>\n<\/ul>\n<\/blockquote>\n<hr data-start=\"1100\" data-end=\"1103\" \/>\n<h3 data-start=\"1105\" data-end=\"1144\">Hvordan kan du kontrollere cookies?<\/h3>\n<p data-start=\"1146\" data-end=\"1207\">Du kan selv velge om du vil akseptere eller blokkere cookies:<\/p>\n<ul data-start=\"1209\" data-end=\"1448\">\n<li data-start=\"1209\" data-end=\"1324\">\n<p data-start=\"1211\" data-end=\"1324\">De fleste nettlesere tillater cookies automatisk, men du kan endre innstillinger for \u00e5 blokkere eller slette dem.<\/p>\n<\/li>\n<li data-start=\"1325\" data-end=\"1448\">\n<p data-start=\"1327\" data-end=\"1448\">Du kan ogs\u00e5 trekke tilbake samtykke til valgfrie cookies via en samtykkebanner (dersom det er implementert p\u00e5 nettsiden).<\/p>\n<\/li>\n<\/ul>\n<p data-start=\"1450\" data-end=\"1501\">Se hjelpesiden til din nettleser for instruksjoner:<\/p>\n<ul data-start=\"1503\" data-end=\"1810\">\n<li data-start=\"1503\" data-end=\"1561\">\n<p data-start=\"1505\" data-end=\"1561\"><a class=\"cursor-pointer\" target=\"_new\" rel=\"noopener\" data-start=\"1505\" data-end=\"1561\">Chrome<\/a><\/p>\n<\/li>\n<li data-start=\"1562\" data-end=\"1634\">\n<p data-start=\"1564\" data-end=\"1634\"><a class=\"\" href=\"https:\/\/support.mozilla.org\/no\/kb\/slett-informasjonskapsler\" target=\"_new\" rel=\"noopener\" data-start=\"1564\" data-end=\"1634\">Firefox<\/a><\/p>\n<\/li>\n<li data-start=\"1635\" data-end=\"1705\">\n<p data-start=\"1637\" data-end=\"1705\"><a class=\"\" href=\"https:\/\/support.apple.com\/no-no\/guide\/safari\/sfri11471\/mac\" target=\"_new\" rel=\"noopener\" data-start=\"1637\" data-end=\"1705\">Safari<\/a><\/p>\n<\/li>\n<li data-start=\"1706\" data-end=\"1810\">\n<p data-start=\"1708\" data-end=\"1810\"><a class=\"\" href=\"https:\/\/support.microsoft.com\/nb-no\/help\/17442\/windows-internet-explorer-delete-manage-cookies\" target=\"_new\" rel=\"noopener\" data-start=\"1708\" data-end=\"1810\">Edge<\/a><\/p>\n<\/li>\n<\/ul>\n<hr data-start=\"1812\" data-end=\"1815\" \/>\n<h3 data-start=\"1817\" data-end=\"1851\">Endringer i cookie-erkl\u00e6ringen<\/h3>\n<p data-start=\"1853\" data-end=\"1991\">Vi kan oppdatere denne siden dersom vi gj\u00f8r endringer i hvordan vi bruker cookies. Du vil se datoen for siste oppdatering \u00f8verst p\u00e5 siden.<\/p>\n<hr data-start=\"1993\" data-end=\"1996\" \/>\n<h3 data-start=\"1998\" data-end=\"2013\">Kontakt oss<\/h3>\n<p data-start=\"2015\" data-end=\"2115\">Har du sp\u00f8rsm\u00e5l om v\u00e5r bruk av informasjonskapsler?<br data-start=\"2066\" data-end=\"2069\" \/>Kontakt oss p\u00e5 e-post: henrikbhamra@gmail.com<\/p>\n[\/vc_column_text][\/vc_column][\/vc_row]\n","protected":false},"excerpt":{"rendered":"<p>[vc_row type=&#8221;in_container&#8221; full_screen_row_position=&#8221;middle&#8221; column_margin=&#8221;default&#8221; column_direction=&#8221;default&#8221; column_direction_tablet=&#8221;default&#8221; column_direction_phone=&#8221;default&#8221; scene_position=&#8221;center&#8221; text_color=&#8221;dark&#8221; text_align=&#8221;left&#8221; row_border_radius=&#8221;none&#8221; row_border_radius_applies=&#8221;bg&#8221; overflow=&#8221;visible&#8221; overlay_strength=&#8221;0.3&#8243; gradient_direction=&#8221;left_to_right&#8221; shape_divider_position=&#8221;bottom&#8221; bg_image_animation=&#8221;none&#8221; gradient_type=&#8221;default&#8221; shape_type=&#8221;&#8221;][vc_column column_padding=&#8221;no-extra-padding&#8221; column_padding_tablet=&#8221;inherit&#8221; column_padding_phone=&#8221;inherit&#8221; column_padding_position=&#8221;all&#8221; column_element_direction_desktop=&#8221;default&#8221; column_element_spacing=&#8221;default&#8221; desktop_text_alignment=&#8221;default&#8221; tablet_text_alignment=&#8221;default&#8221; phone_text_alignment=&#8221;default&#8221; background_color_opacity=&#8221;1&#8243; background_hover_color_opacity=&#8221;1&#8243;&#8230;<\/p>\n","protected":false},"author":1,"featured_media":0,"parent":0,"menu_order":0,"comment_status":"closed","ping_status":"closed","template":"","meta":{"footnotes":""},"class_list":["post-6064","page","type-page","status-publish"],"_links":{"self":[{"href":"https:\/\/www.adriansellevoll.no\/index.php\/wp-json\/wp\/v2\/pages\/6064","targetHints":{"allow":["GET"]}}],"collection":[{"href":"https:\/\/www.adriansellevoll.no\/index.php\/wp-json\/wp\/v2\/pages"}],"about":[{"href":"https:\/\/www.adriansellevoll.no\/index.php\/wp-json\/wp\/v2\/types\/page"}],"author":[{"embeddable":true,"href":"https:\/\/www.adriansellevoll.no\/index.php\/wp-json\/wp\/v2\/users\/1"}],"replies":[{"embeddable":true,"href":"https:\/\/www.adriansellevoll.no\/index.php\/wp-json\/wp\/v2\/comments?post=6064"}],"version-history":[{"count":3,"href":"https:\/\/www.adriansellevoll.no\/index.php\/wp-json\/wp\/v2\/pages\/6064\/revisions"}],"predecessor-version":[{"id":6082,"href":"https:\/\/www.adriansellevoll.no\/index.php\/wp-json\/wp\/v2\/pages\/6064\/revisions\/6082"}],"wp:attachment":[{"href":"https:\/\/www.adriansellevoll.no\/index.php\/wp-json\/wp\/v2\/media?parent=6064"}],"curies":[{"name":"wp","href":"https:\/\/api.w.org\/{rel}","templated":true}]}}