{"id":6059,"date":"2025-05-09T01:51:21","date_gmt":"2025-05-09T01:51:21","guid":{"rendered":"https:\/\/www.adriansellevoll.no\/?page_id=6059"},"modified":"2025-06-10T21:30:01","modified_gmt":"2025-06-10T21:30:01","slug":"personvernerklaering","status":"publish","type":"page","link":"https:\/\/www.adriansellevoll.no\/index.php\/personvernerklaering\/","title":{"rendered":"Personvernerkl\u00e6ring"},"content":{"rendered":"[vc_row type=&#8221;in_container&#8221; full_screen_row_position=&#8221;middle&#8221; column_margin=&#8221;default&#8221; column_direction=&#8221;default&#8221; column_direction_tablet=&#8221;default&#8221; column_direction_phone=&#8221;default&#8221; scene_position=&#8221;center&#8221; text_color=&#8221;dark&#8221; text_align=&#8221;left&#8221; row_border_radius=&#8221;none&#8221; row_border_radius_applies=&#8221;bg&#8221; overflow=&#8221;visible&#8221; overlay_strength=&#8221;0.3&#8243; gradient_direction=&#8221;left_to_right&#8221; shape_divider_position=&#8221;bottom&#8221; bg_image_animation=&#8221;none&#8221; gradient_type=&#8221;default&#8221; shape_type=&#8221;&#8221;][vc_column column_padding=&#8221;no-extra-padding&#8221; column_padding_tablet=&#8221;inherit&#8221; column_padding_phone=&#8221;inherit&#8221; column_padding_position=&#8221;all&#8221; column_element_direction_desktop=&#8221;default&#8221; column_element_spacing=&#8221;default&#8221; desktop_text_alignment=&#8221;default&#8221; tablet_text_alignment=&#8221;default&#8221; phone_text_alignment=&#8221;default&#8221; background_color_opacity=&#8221;1&#8243; background_hover_color_opacity=&#8221;1&#8243; column_backdrop_filter=&#8221;none&#8221; column_shadow=&#8221;none&#8221; column_border_radius=&#8221;none&#8221; column_link_target=&#8221;_self&#8221; column_position=&#8221;default&#8221; gradient_direction=&#8221;left_to_right&#8221; overlay_strength=&#8221;0.3&#8243; width=&#8221;1\/1&#8243; tablet_width_inherit=&#8221;default&#8221; animation_type=&#8221;default&#8221; bg_image_animation=&#8221;none&#8221; border_type=&#8221;simple&#8221; column_border_width=&#8221;none&#8221; column_border_style=&#8221;solid&#8221;][vc_column_text css=&#8221;&#8221; text_direction=&#8221;default&#8221;]\n<h1>Personvernerkl\u00e6ring<\/h1>\n[\/vc_column_text][vc_column_text css=&#8221;&#8221; text_direction=&#8221;default&#8221;]\n<p data-start=\"144\" data-end=\"191\"><strong data-start=\"147\" data-end=\"191\">ADRIAN SELLEVOLL<\/strong><\/p>\n<p data-start=\"193\" data-end=\"219\">Sist oppdatert: 10.06.25<\/p>\n<p data-start=\"221\" data-end=\"447\">Denne personvernerkl\u00e6ringen gjelder for nettstedet <strong data-start=\"272\" data-end=\"294\">adriansellevoll.no<\/strong> og forklarer hvordan vi samler inn, bruker og beskytter dine personopplysninger i henhold til personopplysningsloven og EUs personvernforordning (GDPR).<\/p>\n<hr data-start=\"449\" data-end=\"452\" \/>\n<h3 data-start=\"454\" data-end=\"485\"><strong data-start=\"458\" data-end=\"485\">1. Behandlingsansvarlig<\/strong><\/h3>\n<p data-start=\"487\" data-end=\"554\">Behandlingsansvarlig for personopplysninger p\u00e5 dette nettstedet er:<\/p>\n<p data-start=\"556\" data-end=\"712\"><strong data-start=\"556\" data-end=\"565\">Navn:<\/strong> Adrian Sellevoll<br data-start=\"582\" data-end=\"585\" \/><strong data-start=\"585\" data-end=\"596\">E-post:<\/strong> henrikbhamra@gmail.com<br data-start=\"659\" data-end=\"662\" \/><strong data-start=\"662\" data-end=\"702\">Organisasjonsnummer:<\/strong> 919827912<\/p>\n<hr data-start=\"714\" data-end=\"717\" \/>\n<h3 data-start=\"719\" data-end=\"760\"><strong data-start=\"723\" data-end=\"760\">2. Hvilke opplysninger samles inn<\/strong><\/h3>\n<p data-start=\"762\" data-end=\"807\">Vi kan samle inn f\u00f8lgende personopplysninger:<\/p>\n<ul data-start=\"809\" data-end=\"1006\">\n<li data-start=\"809\" data-end=\"815\">\n<p data-start=\"811\" data-end=\"815\">Navn<\/p>\n<\/li>\n<li data-start=\"816\" data-end=\"831\">\n<p data-start=\"818\" data-end=\"831\">E-postadresse<\/p>\n<\/li>\n<li data-start=\"832\" data-end=\"847\">\n<p data-start=\"834\" data-end=\"847\">Telefonnummer<\/p>\n<\/li>\n<li data-start=\"848\" data-end=\"860\">\n<p data-start=\"850\" data-end=\"860\">IP-adresse<\/p>\n<\/li>\n<li data-start=\"861\" data-end=\"955\">\n<p data-start=\"863\" data-end=\"955\">Bruksdata (informasjon om hvordan du bruker nettsiden, som bes\u00f8kstid, sider du bes\u00f8ker etc.)<\/p>\n<\/li>\n<li data-start=\"956\" data-end=\"1006\">\n<p data-start=\"958\" data-end=\"1006\">Eventuelle meldinger du sender via kontaktskjema<\/p>\n<\/li>\n<\/ul>\n<hr data-start=\"1008\" data-end=\"1011\" \/>\n<h3 data-start=\"1013\" data-end=\"1047\"><strong data-start=\"1017\" data-end=\"1047\">3. Form\u00e5l med behandlingen<\/strong><\/h3>\n<p data-start=\"1049\" data-end=\"1102\">Vi samler inn personopplysninger for f\u00f8lgende form\u00e5l:<\/p>\n<ul data-start=\"1104\" data-end=\"1270\">\n<li data-start=\"1104\" data-end=\"1134\">\n<p data-start=\"1106\" data-end=\"1134\">Svar p\u00e5 henvendelser fra deg<\/p>\n<\/li>\n<li data-start=\"1135\" data-end=\"1176\">\n<p data-start=\"1137\" data-end=\"1176\">Forbedre brukeropplevelsen p\u00e5 nettsiden<\/p>\n<\/li>\n<li data-start=\"1177\" data-end=\"1214\">\n<p data-start=\"1179\" data-end=\"1214\">Statistikk og analyse (anonymisert)<\/p>\n<\/li>\n<li data-start=\"1215\" data-end=\"1270\">\n<p data-start=\"1217\" data-end=\"1270\">Administrasjon av tjenester du benytter via nettsiden<\/p>\n<\/li>\n<\/ul>\n<hr data-start=\"1272\" data-end=\"1275\" \/>\n<h3 data-start=\"1277\" data-end=\"1322\"><strong data-start=\"1281\" data-end=\"1322\">4. Rettslig grunnlag for behandlingen<\/strong><\/h3>\n<p data-start=\"1324\" data-end=\"1358\">Behandlingen skjer p\u00e5 grunnlag av:<\/p>\n<ul data-start=\"1360\" data-end=\"1525\">\n<li data-start=\"1360\" data-end=\"1410\">\n<p data-start=\"1362\" data-end=\"1410\">Ditt samtykke (f.eks. ved bruk av kontaktskjema)<\/p>\n<\/li>\n<li data-start=\"1411\" data-end=\"1454\">\n<p data-start=\"1413\" data-end=\"1454\">Avtale (hvis du inng\u00e5r en avtale med oss)<\/p>\n<\/li>\n<li data-start=\"1455\" data-end=\"1525\">\n<p data-start=\"1457\" data-end=\"1525\">Rettslig forpliktelse (hvis vi er pliktige til \u00e5 lagre opplysninger)<\/p>\n<\/li>\n<\/ul>\n<hr data-start=\"1527\" data-end=\"1530\" \/>\n<h3 data-start=\"1532\" data-end=\"1562\"><strong data-start=\"1536\" data-end=\"1562\">5. Lagring og sletting<\/strong><\/h3>\n<p data-start=\"1564\" data-end=\"1748\">Personopplysninger lagres s\u00e5 lenge det er n\u00f8dvendig for form\u00e5let de ble samlet inn for, eller s\u00e5 lenge lovverket krever det. Du kan n\u00e5r som helst be om at vi sletter dine opplysninger.<\/p>\n<hr data-start=\"1750\" data-end=\"1753\" \/>\n<h3 data-start=\"1755\" data-end=\"1782\"><strong data-start=\"1759\" data-end=\"1782\">6. Dine rettigheter<\/strong><\/h3>\n<p data-start=\"1784\" data-end=\"1800\">Du har rett til:<\/p>\n<ul data-start=\"1802\" data-end=\"2020\">\n<li data-start=\"1802\" data-end=\"1846\">\n<p data-start=\"1804\" data-end=\"1846\">Innsyn i hvilke opplysninger vi har om deg<\/p>\n<\/li>\n<li data-start=\"1847\" data-end=\"1881\">\n<p data-start=\"1849\" data-end=\"1881\">Retting av uriktige opplysninger<\/p>\n<\/li>\n<li data-start=\"1882\" data-end=\"1919\">\n<p data-start=\"1884\" data-end=\"1919\">Sletting (\u00abretten til \u00e5 bli glemt\u00bb)<\/p>\n<\/li>\n<li data-start=\"1920\" data-end=\"1947\">\n<p data-start=\"1922\" data-end=\"1947\">Begrensning av behandling<\/p>\n<\/li>\n<li data-start=\"1948\" data-end=\"1966\">\n<p data-start=\"1950\" data-end=\"1966\">Dataportabilitet<\/p>\n<\/li>\n<li data-start=\"1967\" data-end=\"1994\">\n<p data-start=\"1969\" data-end=\"1994\">Protestere mot behandling<\/p>\n<\/li>\n<li data-start=\"1995\" data-end=\"2020\">\n<p data-start=\"1997\" data-end=\"2020\">Trekke tilbake samtykke<\/p>\n<\/li>\n<\/ul>\n<p data-start=\"2022\" data-end=\"2082\">Ta kontakt via e-post for \u00e5 benytte deg av dine rettigheter.<\/p>\n<hr data-start=\"2084\" data-end=\"2087\" \/>\n<h3 data-start=\"2089\" data-end=\"2129\"><strong data-start=\"2093\" data-end=\"2129\">7. Informasjonskapsler (cookies)<\/strong><\/h3>\n<p data-start=\"2131\" data-end=\"2374\">Nettsiden kan bruke informasjonskapsler for \u00e5 forbedre brukeropplevelsen. Du kan selv kontrollere eller slette cookies via nettleseren din. Ved \u00e5 bruke nettsiden samtykker du i bruk av cookies, med mindre du har deaktivert dette i nettleseren.<\/p>\n<hr data-start=\"2376\" data-end=\"2379\" \/>\n<h3 data-start=\"2381\" data-end=\"2422\"><strong data-start=\"2385\" data-end=\"2422\">8. Tredjeparter og databehandlere<\/strong><\/h3>\n<p data-start=\"2424\" data-end=\"2589\">Vi kan bruke tredjeparter til drift og utvikling av nettsiden (f.eks. webhotell, analyseverkt\u00f8y). Disse behandles med databehandleravtaler og etter gjeldende regler.<\/p>\n<hr data-start=\"2591\" data-end=\"2594\" \/>\n<h3 data-start=\"2596\" data-end=\"2616\"><strong data-start=\"2600\" data-end=\"2616\">9. Sikkerhet<\/strong><\/h3>\n<p data-start=\"2618\" data-end=\"2749\">Vi tar sikkerheten p\u00e5 alvor og benytter tekniske og organisatoriske tiltak for \u00e5 beskytte dine data mot uautorisert tilgang og tap.<\/p>\n<hr data-start=\"2751\" data-end=\"2754\" \/>\n<h3 data-start=\"2756\" data-end=\"2777\"><strong data-start=\"2760\" data-end=\"2777\">10. Klagerett<\/strong><\/h3>\n<p data-start=\"2779\" data-end=\"2874\">Dersom du mener vi behandler dine personopplysninger i strid med regelverket, kan du klage til:<\/p>\n<p data-start=\"2876\" data-end=\"2950\"><strong data-start=\"2876\" data-end=\"2892\">Datatilsynet<\/strong><br data-start=\"2892\" data-end=\"2895\" \/><a class=\"\" href=\"http:\/\/www.datatilsynet.no\" target=\"_new\" rel=\"noopener\" data-start=\"2895\" data-end=\"2914\">www.datatilsynet.no<\/a><br data-start=\"2914\" data-end=\"2917\" \/>E-post: <a class=\"cursor-pointer\" rel=\"noopener\" data-start=\"2925\" data-end=\"2950\">postkasse@datatilsynet.no<\/a><\/p>\n<hr data-start=\"2952\" data-end=\"2955\" \/>\n<h3 data-start=\"2957\" data-end=\"2983\"><strong data-start=\"2961\" data-end=\"2983\">Kontaktinformasjon<\/strong><\/h3>\n<p data-start=\"2985\" data-end=\"3066\">Har du sp\u00f8rsm\u00e5l om personvern eller \u00f8nsker \u00e5 ut\u00f8ve dine rettigheter, kontakt oss:<\/p>\n<p data-start=\"3068\" data-end=\"3138\"><strong data-start=\"3068\" data-end=\"3079\">E-post:<\/strong> henrikbhamra@gmail.com<\/p>\n<p data-start=\"3068\" data-end=\"3138\"><strong data-start=\"3102\" data-end=\"3115\">Nettside:<\/strong> <a class=\"\" href=\"https:\/\/www.adriansellevoll.no\" target=\"_new\" rel=\"noopener\" data-start=\"3116\" data-end=\"3138\">www.adriansellevoll.no<\/a><\/p>\n[\/vc_column_text][\/vc_column][\/vc_row]\n","protected":false},"excerpt":{"rendered":"<p>[vc_row type=&#8221;in_container&#8221; full_screen_row_position=&#8221;middle&#8221; column_margin=&#8221;default&#8221; column_direction=&#8221;default&#8221; column_direction_tablet=&#8221;default&#8221; column_direction_phone=&#8221;default&#8221; scene_position=&#8221;center&#8221; text_color=&#8221;dark&#8221; text_align=&#8221;left&#8221; row_border_radius=&#8221;none&#8221; row_border_radius_applies=&#8221;bg&#8221; overflow=&#8221;visible&#8221; overlay_strength=&#8221;0.3&#8243; gradient_direction=&#8221;left_to_right&#8221; shape_divider_position=&#8221;bottom&#8221; bg_image_animation=&#8221;none&#8221; gradient_type=&#8221;default&#8221; shape_type=&#8221;&#8221;][vc_column column_padding=&#8221;no-extra-padding&#8221; column_padding_tablet=&#8221;inherit&#8221; column_padding_phone=&#8221;inherit&#8221; column_padding_position=&#8221;all&#8221; column_element_direction_desktop=&#8221;default&#8221; column_element_spacing=&#8221;default&#8221; desktop_text_alignment=&#8221;default&#8221; tablet_text_alignment=&#8221;default&#8221; phone_text_alignment=&#8221;default&#8221; background_color_opacity=&#8221;1&#8243; background_hover_color_opacity=&#8221;1&#8243;&#8230;<\/p>\n","protected":false},"author":1,"featured_media":0,"parent":0,"menu_order":0,"comment_status":"closed","ping_status":"closed","template":"","meta":{"footnotes":""},"class_list":["post-6059","page","type-page","status-publish"],"_links":{"self":[{"href":"https:\/\/www.adriansellevoll.no\/index.php\/wp-json\/wp\/v2\/pages\/6059","targetHints":{"allow":["GET"]}}],"collection":[{"href":"https:\/\/www.adriansellevoll.no\/index.php\/wp-json\/wp\/v2\/pages"}],"about":[{"href":"https:\/\/www.adriansellevoll.no\/index.php\/wp-json\/wp\/v2\/types\/page"}],"author":[{"embeddable":true,"href":"https:\/\/www.adriansellevoll.no\/index.php\/wp-json\/wp\/v2\/users\/1"}],"replies":[{"embeddable":true,"href":"https:\/\/www.adriansellevoll.no\/index.php\/wp-json\/wp\/v2\/comments?post=6059"}],"version-history":[{"count":4,"href":"https:\/\/www.adriansellevoll.no\/index.php\/wp-json\/wp\/v2\/pages\/6059\/revisions"}],"predecessor-version":[{"id":6081,"href":"https:\/\/www.adriansellevoll.no\/index.php\/wp-json\/wp\/v2\/pages\/6059\/revisions\/6081"}],"wp:attachment":[{"href":"https:\/\/www.adriansellevoll.no\/index.php\/wp-json\/wp\/v2\/media?parent=6059"}],"curies":[{"name":"wp","href":"https:\/\/api.w.org\/{rel}","templated":true}]}}